 of 226341 and 341877.
249
What is the greatest common divisor of 343675 and 2443005?
1165
Calculate the greatest common factor of 53587484 and 3322.
302
What is the greatest common factor of 1108889 and 1467?
163
What is the greatest common factor of 108382075 and 13825?
1975
What is the greatest common factor of 9625765 and 1505?
215
Calculate the greatest common factor of 27 and 28734885.
27
Calculate the highest common factor of 54 and 3387258.
54
What is the highest common divisor of 101296 and 1794?
26
What is the highest common factor of 3616992 and 5814?
342
What is the greatest common divisor of 54504 and 163641447?
6813
Calculate the greatest common divisor of 14 and 58404794.
14
What is the highest common factor of 1224 and 15262158?
102
What is the highest common factor of 2391194 and 1898?
26
What is the highest common divisor of 159925283 and 7798?
3899
Calculate the highest common divisor of 1651968 and 72576.
3456
What is the greatest common divisor of 525231 and 753109?
2779
Calculate the highest common factor of 6328 and 912814.
1582
What is the greatest common divisor of 131823166 and 46?
46
Calculate the greatest common factor of 240 and 2597136.
48
Calculate the greatest common factor of 11286 and 337986.
594
What is the highest common divisor of 164895919 and 193?
193
What is the greatest common factor of 379766340 and 270?
270
Calculate the highest common divisor of 795 and 1149095.
5
What is the highest common divisor of 1590 and 21876640?
10
Calculate the highest common factor of 1548440 and 8960.
40
What is the greatest common factor of 213355 and 45065985?
3005
Calculate the greatest common factor of 42021912 and 24.
24
Calculate the highest common divisor of 825660 and 211530.
330
Calculate the greatest common divisor of 6194107 and 368.
23
Calculate the highest common divisor of 24227 and 8469067.
3461
What is the highest common divisor of 5564 and 42478358?
2782
Calculate the highest common factor of 3555360 and 241920.
4320
What is the highest common divisor of 77628450 and 276?
138
What is the greatest common divisor of 5094540 and 62775?
1395
Calculate the highest common divisor of 331120 and 7730.
10
What is the greatest common factor of 27775473 and 62?
31
Calculate the highest common factor of 3880 and 2475828.
388
What is the highest common divisor of 6702341 and 4834?
2417
What is the highest common divisor of 12019220 and 20?
20
What is the greatest common divisor of 11503032 and 12?
12
Calculate the greatest common factor of 2360 and 2939080.
40
What is the highest common factor of 196 and 795541754?
98
Calculate the greatest common divisor of 383539 and 972295.
163
What is the greatest common factor of 8190 and 30796220?
910
What is the greatest common divisor of 727 and 3088274917?
727
What is the greatest common divisor of 1107 and 28589013?
369
What is the greatest common factor of 2741370 and 29670?
690
Calculate the highest common factor of 158466 and 3760449.
231
What is the highest common divisor of 4787154 and 36?
18
Calculate the greatest common factor of 2961 and 618954.
21
What is the greatest common factor of 1344555300 and 550?
550
What is the highest common divisor of 97704 and 3167769?
177
Calculate the highest common divisor of 394375668 and 41286.
5898
What is the greatest common factor of 345 and 1301220?
15
What is the greatest common divisor of 8968045 and 3335?
115
Calculate the greatest common divisor of 15 and 76908845.
5
What is the highest common factor of 8960 and 144249280?
2240
Calculate the highest common divisor of 8880 and 43626256.
592
What is the highest common divisor of 69806 and 6027560?
418
What is the greatest common factor of 164720 and 501260?
1420
Calculate the greatest common factor of 23775157 and 175.
7
Calculate the greatest common factor of 65 and 5359201315.
65
Calculate the highest common factor of 693968 and 4136.
88
What is the greatest common factor of 383961 and 36942?
393
What is the highest common divisor of 192 and 5888136?
24
What is the highest common factor of 6555849 and 39093?
471
Calculate the highest common divisor of 11218 and 3653092.
142
What is the highest common divisor of 679488 and 496416?
96
What is the greatest common factor of 59214857 and 92?
23
Calculate the highest common divisor of 29280 and 733440.
480
What is the highest common factor of 21207879 and 36?
9
Calculate the greatest common divisor of 178747164 and 17172.
1908
What is the greatest common factor of 61464 and 1958931?
39
What is the greatest common factor of 2213011570 and 4774?
4774
Calculate the greatest common divisor of 2513570 and 11500.
10
Calculate the greatest common divisor of 36050 and 72408588.
1442
Calculate the greatest common divisor of 21638 and 359470.
698
What is the greatest common divisor of 32641 and 45157?
7
Calculate the greatest common factor of 8685327 and 42.
21
Calculate the highest common factor of 51110007 and 13.
13
Calculate the greatest common factor of 52157649 and 714.
51
Calculate the highest common divisor of 54858 and 607006.
446
What is the greatest common divisor of 230 and 240918008?
46
Calculate the highest common divisor of 3932149 and 8717.
23
What is the greatest common divisor of 967920 and 36704?
592
What is the greatest common divisor of 104 and 20880548?
52
What is the greatest common divisor of 2130 and 876461985?
1065
What is the greatest common divisor of 11758889 and 31?
31
Calculate the highest common factor of 19 and 7555787.
19
What is the greatest common factor of 1767 and 15780705?
93
What is the highest common factor of 10375005 and 12411?
591
Calculate the highest common factor of 2532168 and 4319.
617
What is the highest common factor of 1072 and 588260?
268
Calculate the highest common factor of 2041 and 97167143.
157
Calculate the greatest common factor of 4807 and 1100389.
23
Calculate the highest common factor of 3592234 and 742.
106
Calculate the highest common factor of 46232 and 41626137.
5779
What is the highest common divisor of 6972 and 2046282?
3486
Calculate the greatest common divisor of 84561160 and 2360.
2360
What is the highest common factor of 326241 and 2596159?
281
Calculate the highest common factor of 1364 and 5605127.
11
Calculate the highest common divisor of 591411 and 115.
1
Calculate the greatest common factor of 12792 and 858000.
312
What is the highest common divisor of 700870 and 28885?
545
Calculate the greatest common divisor of 39100928 and 512.
512
What is the greatest common factor of 12003959 and 55?
11
Calculate the highest common factor of 15237018 and 378.
54
Calculate the greatest common divisor of 69892 and 1273812.
404
Calculate the greatest common factor of 15072050 and 12600.
350
What is the greatest common divisor of 10088 and 25272?
104
Calculate the greatest common divisor of 112 and 536930156.
28
Calculate the highest common divisor of 116 and 322525182.
58
Calculate the highest common divisor of 414887 and 1760.
11
Calculate the highest common factor of 8475 and 1752900.
75
Calculate the highest common factor of 5122629 and 357627.
5037
What is the highest common divisor of 70 and 2186615?
5
Calculate the greatest common divisor of 34562 and 124366.
22
What is the highest common factor of 1145376 and 9506?
194
Calculate the highest common divisor of 4038494 and 3007.
31
What is the highest common factor of 3822576 and 996?
12
Calculate the highest common factor of 96165973 and 76.
19
Calculate the highest common divisor of 127425 and 3475.
25
Calculate the greatest common divisor of 2017589 and 168.
7
What is the highest common factor of 916 and 26354236?
916
Calculate the greatest common divisor of 117086420 and 473.
473
What is the highest common divisor of 11124 and 4443420?
1236
What is the greatest common divisor of 436 and 403905604?
436
Calculate the greatest common factor of 1045 and 44277365.
55
Calculate the greatest common factor of 384 and 242316.
12
What is the highest common factor of 33588 and 26732?
4
Calculate the greatest common divisor of 862640 and 112.
16
What is the highest common factor of 35310 and 481360?
110
What is the greatest common factor of 209960 and 54880?
40
What is the highest common divisor of 17469420 and 30?
30
Calculat